{"id":10249,"date":"2021-03-04T10:32:42","date_gmt":"2021-03-04T09:32:42","guid":{"rendered":"http:\/\/www.brossy.com\/?post_type=portfolio&#038;p=10249"},"modified":"2025-12-19T09:58:09","modified_gmt":"2025-12-19T08:58:09","slug":"notre-dame-des-champs","status":"publish","type":"portfolio","link":"https:\/\/bplusa.eu\/fr\/projects\/notre-dame-des-champs\/","title":{"rendered":"Notre-Dame-des-Champs"},"content":{"rendered":"<p>Au c\u0153ur du 6e arrondissement de Paris, l&rsquo;ancien si\u00e8ge de la MAIF est r\u00e9habilit\u00e9 et sur\u00e9lev\u00e9 pour accueillir un nouveau programme mixte. Le projet consiste en la mutation des surfaces de bureaux en locaux d&rsquo;enseignement pour l&rsquo;Universit\u00e9 Panth\u00e9on-Assas, couronn\u00e9e par trois niveaux de logements. Cette op\u00e9ration de 3800 m\u00b2 incarne une approche durable et contextuelle.<\/p>\n<p>Le b\u00e2timent industriel des ann\u00e9es 1950, con\u00e7u par Jean-Pierre Epron, voit ses qualit\u00e9s structurelles exceptionnelles pr\u00e9serv\u00e9es et valoris\u00e9es. La r\u00e9habilitation cr\u00e9e 3200 m\u00b2 d&rsquo;espaces d&rsquo;enseignement modernes, avec un Learning Center am\u00e9nag\u00e9 dans l&rsquo;ancien parking en sous-sol, des salles de classe modulables et un p\u00f4le chercheurs. L&rsquo;intervention am\u00e9liore significativement les performances thermiques de l&rsquo;enveloppe, notamment par le remplacement des menuiseries.<\/p>\n<p>Du R+3 au R+5, une sur\u00e9l\u00e9vation en structure l\u00e9g\u00e8re acier-bois vient compl\u00e9ter l&rsquo;ensemble. Sa mat\u00e9rialit\u00e9 \u00e0 dominante m\u00e9tallique marque d\u00e9lib\u00e9r\u00e9ment sa contemporan\u00e9it\u00e9 tout en s&rsquo;appuyant sur la trame existante. Elle abrite quatre logements et un rooftop accessible.<\/p>\n<p>Le projet, livr\u00e9 en septembre 2024, incarne les principes d&rsquo;une architecture durable : conservation de la structure existante, choix de mat\u00e9riaux p\u00e9rennes et adaptation aux usages contemporains, tout en pr\u00e9servant la m\u00e9moire industrielle du lieu.<\/p>\n<p><!-- notionvc: ca5911a4-0240-4fa5-9e03-4557e98490cd --><\/p>\n","protected":false},"excerpt":{"rendered":"<p>Au c\u0153ur du 6e arrondissement de Paris, l&rsquo;ancien si\u00e8ge de la MAIF est r\u00e9habilit\u00e9 et sur\u00e9lev\u00e9 pour accueillir un nouveau programme mixte. Le projet consiste en la mutation des surfaces de bureaux en locaux d&rsquo;enseignement pour l&rsquo;Universit\u00e9 Panth\u00e9on-Assas, couronn\u00e9e par trois niveaux de logements. Cette op\u00e9ration de 3800 m\u00b2 incarne une approche durable et contextuelle.&hellip;<\/p>\n","protected":false},"author":1,"featured_media":12113,"comment_status":"closed","ping_status":"closed","template":"","meta":[],"portfolio_category":[35,32],"portfolio_tag":[],"_links":{"self":[{"href":"https:\/\/bplusa.eu\/fr\/wp-json\/wp\/v2\/portfolio\/10249\/"}],"collection":[{"href":"https:\/\/bplusa.eu\/fr\/wp-json\/wp\/v2\/portfolio\/"}],"about":[{"href":"https:\/\/bplusa.eu\/fr\/wp-json\/wp\/v2\/types\/portfolio\/"}],"author":[{"embeddable":true,"href":"https:\/\/bplusa.eu\/fr\/wp-json\/wp\/v2\/users\/1\/"}],"replies":[{"embeddable":true,"href":"https:\/\/bplusa.eu\/fr\/wp-json\/wp\/v2\/comments\/?post=10249"}],"version-history":[{"count":70,"href":"https:\/\/bplusa.eu\/fr\/wp-json\/wp\/v2\/portfolio\/10249\/revisions\/"}],"predecessor-version":[{"id":12812,"href":"https:\/\/bplusa.eu\/fr\/wp-json\/wp\/v2\/portfolio\/10249\/revisions\/12812\/"}],"wp:featuredmedia":[{"embeddable":true,"href":"https:\/\/bplusa.eu\/fr\/wp-json\/wp\/v2\/media\/12113\/"}],"wp:attachment":[{"href":"https:\/\/bplusa.eu\/fr\/wp-json\/wp\/v2\/media\/?parent=10249"}],"wp:term":[{"taxonomy":"portfolio_category","embeddable":true,"href":"https:\/\/bplusa.eu\/fr\/wp-json\/wp\/v2\/portfolio_category\/?post=10249"},{"taxonomy":"portfolio_tag","embeddable":true,"href":"https:\/\/bplusa.eu\/fr\/wp-json\/wp\/v2\/portfolio_tag\/?post=10249"}],"curies":[{"name":"wp","href":"https:\/\/api.w.org\/{rel}","templated":true}]}}

<p>Au cœur du 6e arrondissement de Paris, l&rsquo;ancien siège de la MAIF est réhabilité et surélevé pour accueillir un nouveau programme mixte. Le projet consiste en la mutation des surfaces de bureaux en locaux d&rsquo;enseignement pour l&rsquo;Université Panthéon-Assas, couronnée par trois niveaux de logements. Cette opération de 3800 m² incarne une approche durable et contextuelle.</p>
<p>Le bâtiment industriel des années 1950, conçu par Jean-Pierre Epron, voit ses qualités structurelles exceptionnelles préservées et valorisées. La réhabilitation crée 3200 m² d&rsquo;espaces d&rsquo;enseignement modernes, avec un Learning Center aménagé dans l&rsquo;ancien parking en sous-sol, des salles de classe modulables et un pôle chercheurs. L&rsquo;intervention améliore significativement les performances thermiques de l&rsquo;enveloppe, notamment par le remplacement des menuiseries.</p>
<p>Du R+3 au R+5, une surélévation en structure légère acier-bois vient compléter l&rsquo;ensemble. Sa matérialité à dominante métallique marque délibérément sa contemporanéité tout en s&rsquo;appuyant sur la trame existante. Elle abrite quatre logements et un rooftop accessible.</p>
<p>Le projet, livré en septembre 2024, incarne les principes d&rsquo;une architecture durable : conservation de la structure existante, choix de matériaux pérennes et adaptation aux usages contemporains, tout en préservant la mémoire industrielle du lieu.</p>
<p><!-- notionvc: ca5911a4-0240-4fa5-9e03-4557e98490cd --></p>

<p>Au cœur du 6e arrondissement de Paris, l&rsquo;ancien siège de la MAIF est réhabilité et surélevé pour accueillir un nouveau programme mixte. Le projet consiste en la mutation des surfaces de bureaux en locaux d&rsquo;enseignement pour l&rsquo;Université Panthéon-Assas, couronnée par trois niveaux de logements. Cette opération de 3800 m² incarne une approche durable et contextuelle.&hellip;</p>
