{"version":"1.0","provider_name":"B+A Architectes","provider_url":"https:\/\/bplusa.eu\/fr\/","author_name":"B+A Architectes","author_url":"https:\/\/bplusa.eu\/fr\/author\/brossy\/","title":"R\u00e9habilitation-Extension du Palais de Justice de Perpignan - B+A Architectes","type":"rich","width":600,"height":338,"html":"<blockquote class=\"wp-embedded-content\" data-secret=\"xF1Wirar6N\"><a href=\"https:\/\/bplusa.eu\/fr\/projects\/rehabilitation-extension-du-palais-de-justice-de-perpignan\/\">R\u00e9habilitation-Extension du Palais de Justice de Perpignan<\/a><\/blockquote><iframe sandbox=\"allow-scripts\" security=\"restricted\" src=\"https:\/\/bplusa.eu\/fr\/projects\/rehabilitation-extension-du-palais-de-justice-de-perpignan\/embed\/#?secret=xF1Wirar6N\" width=\"600\" height=\"338\" title=\"\u00ab\u00a0R\u00e9habilitation-Extension du Palais de Justice de Perpignan\u00a0\u00bb &#8212; B+A Architectes\" data-secret=\"xF1Wirar6N\" frameborder=\"0\" marginwidth=\"0\" marginheight=\"0\" scrolling=\"no\" class=\"wp-embedded-content\"><\/iframe><script>\n\/*! This file is auto-generated *\/\n!function(c,d){\"use strict\";var e=!1,o=!1;if(d.querySelector)if(c.addEventListener)e=!0;if(c.wp=c.wp||{},c.wp.receiveEmbedMessage);else if(c.wp.receiveEmbedMessage=function(e){var t=e.data;if(!t);else if(!(t.secret||t.message||t.value));else if(\/[^a-zA-Z0-9]\/.test(t.secret));else{for(var r,s,a,i=d.querySelectorAll('iframe[data-secret=\"'+t.secret+'\"]'),n=d.querySelectorAll('blockquote[data-secret=\"'+t.secret+'\"]'),o=new RegExp(\"^https?:$\",\"i\"),l=0;l<n.length;l++)n[l].style.display=\"none\";for(l=0;l<i.length;l++)if(r=i[l],e.source!==r.contentWindow);else{if(r.removeAttribute(\"style\"),\"height\"===t.message){if(1e3<(s=parseInt(t.value,10)))s=1e3;else if(~~s<200)s=200;r.height=s}if(\"link\"===t.message)if(s=d.createElement(\"a\"),a=d.createElement(\"a\"),s.href=r.getAttribute(\"src\"),a.href=t.value,!o.test(a.protocol));else if(a.host===s.host)if(d.activeElement===r)c.top.location.href=t.value}}},e)c.addEventListener(\"message\",c.wp.receiveEmbedMessage,!1),d.addEventListener(\"DOMContentLoaded\",t,!1),c.addEventListener(\"load\",t,!1);function t(){if(o);else{o=!0;for(var e,t,r,s=-1!==navigator.appVersion.indexOf(\"MSIE 10\"),a=!!navigator.userAgent.match(\/Trident.*rv:11\\.\/),i=d.querySelectorAll(\"iframe.wp-embedded-content\"),n=0;n<i.length;n++){if(!(r=(t=i[n]).getAttribute(\"data-secret\")))r=Math.random().toString(36).substr(2,10),t.src+=\"#?secret=\"+r,t.setAttribute(\"data-secret\",r);if(s||a)(e=t.cloneNode(!0)).removeAttribute(\"security\"),t.parentNode.replaceChild(e,t);t.contentWindow.postMessage({message:\"ready\",secret:r},\"*\")}}}}(window,document);\n<\/script>\n","thumbnail_url":"https:\/\/bplusa.eu\/wp-content\/uploads\/2025\/06\/1.jpg","thumbnail_width":1400,"thumbnail_height":1160,"description":"Le palais Arago, b\u00e2timent sym\u00e9trique du XIXe si\u00e8cle, souffrait d\u2019un morcellement fonctionnel et symbolique. \u00c0 force d\u2019ajouts successifs, il avait perdu sa lisibilit\u00e9, son autorit\u00e9, son rapport \u00e0 la ville. Il n\u2019appelait pas un geste, mais une recomposition. Nous avons propos\u00e9 un projet de continuit\u00e9. Une extension compacte, adoss\u00e9e \u00e0 la fa\u00e7ade sud, vient restituer&hellip;"}

Réhabilitation-Extension du Palais de Justice de Perpignan - B+A Architectes

<blockquote class="wp-embedded-content" data-secret="xF1Wirar6N"><a href="https://bplusa.eu/fr/projects/rehabilitation-extension-du-palais-de-justice-de-perpignan/">Réhabilitation-Extension du Palais de Justice de Perpignan</a></blockquote><iframe sandbox="allow-scripts" security="restricted" src="https://bplusa.eu/fr/projects/rehabilitation-extension-du-palais-de-justice-de-perpignan/embed/#?secret=xF1Wirar6N" width="600" height="338" title="« Réhabilitation-Extension du Palais de Justice de Perpignan » &#8212; B+A Architectes" data-secret="xF1Wirar6N" frameborder="0" marginwidth="0" marginheight="0" scrolling="no" class="wp-embedded-content"></iframe><script>
/*! This file is auto-generated */
!function(c,d){"use strict";var e=!1,o=!1;if(d.querySelector)if(c.addEventListener)e=!0;if(c.wp=c.wp||{},c.wp.receiveEmbedMessage);else if(c.wp.receiveEmbedMessage=function(e){var t=e.data;if(!t);else if(!(t.secret||t.message||t.value));else if(/[^a-zA-Z0-9]/.test(t.secret));else{for(var r,s,a,i=d.querySelectorAll('iframe[data-secret="'+t.secret+'"]'),n=d.querySelectorAll('blockquote[data-secret="'+t.secret+'"]'),o=new RegExp("^https?:$","i"),l=0;l<n.length;l++)n[l].style.display="none";for(l=0;l<i.length;l++)if(r=i[l],e.source!==r.contentWindow);else{if(r.removeAttribute("style"),"height"===t.message){if(1e3<(s=parseInt(t.value,10)))s=1e3;else if(~~s<200)s=200;r.height=s}if("link"===t.message)if(s=d.createElement("a"),a=d.createElement("a"),s.href=r.getAttribute("src"),a.href=t.value,!o.test(a.protocol));else if(a.host===s.host)if(d.activeElement===r)c.top.location.href=t.value}}},e)c.addEventListener("message",c.wp.receiveEmbedMessage,!1),d.addEventListener("DOMContentLoaded",t,!1),c.addEventListener("load",t,!1);function t(){if(o);else{o=!0;for(var e,t,r,s=-1!==navigator.appVersion.indexOf("MSIE 10"),a=!!navigator.userAgent.match(/Trident.*rv:11\./),i=d.querySelectorAll("iframe.wp-embedded-content"),n=0;n<i.length;n++){if(!(r=(t=i[n]).getAttribute("data-secret")))r=Math.random().toString(36).substr(2,10),t.src+="#?secret="+r,t.setAttribute("data-secret",r);if(s||a)(e=t.cloneNode(!0)).removeAttribute("security"),t.parentNode.replaceChild(e,t);t.contentWindow.postMessage({message:"ready",secret:r},"*")}}}}(window,document);
</script>

Le palais Arago, bâtiment symétrique du XIXe siècle, souffrait d’un morcellement fonctionnel et symbolique. À force d’ajouts successifs, il avait perdu sa lisibilité, son autorité, son rapport à la ville. Il n’appelait pas un geste, mais une recomposition. Nous avons proposé un projet de continuité. Une extension compacte, adossée à la façade sud, vient restituer&hellip;
