{"version":"1.0","provider_name":"B+A Architectes","provider_url":"https:\/\/bplusa.eu\/fr\/","author_name":"B+A Architectes","author_url":"https:\/\/bplusa.eu\/fr\/author\/brossy\/","title":"CONSERVATOIRE \u00c0 RAYONNEMENT D\u00c9PARTEMENTAL D\u2019ORL\u00c9ANS - B+A Architectes","type":"rich","width":600,"height":338,"html":"<blockquote class=\"wp-embedded-content\" data-secret=\"tkGKvFbqMV\"><a href=\"https:\/\/bplusa.eu\/fr\/projects\/conservatoire-orleans\/\">CONSERVATOIRE \u00c0 RAYONNEMENT D\u00c9PARTEMENTAL D\u2019ORL\u00c9ANS<\/a><\/blockquote><iframe sandbox=\"allow-scripts\" security=\"restricted\" src=\"https:\/\/bplusa.eu\/fr\/projects\/conservatoire-orleans\/embed\/#?secret=tkGKvFbqMV\" width=\"600\" height=\"338\" title=\"\u00ab\u00a0CONSERVATOIRE \u00c0 RAYONNEMENT D\u00c9PARTEMENTAL D\u2019ORL\u00c9ANS\u00a0\u00bb &#8212; B+A Architectes\" data-secret=\"tkGKvFbqMV\" frameborder=\"0\" marginwidth=\"0\" marginheight=\"0\" scrolling=\"no\" class=\"wp-embedded-content\"><\/iframe><script>\n\/*! This file is auto-generated *\/\n!function(c,d){\"use strict\";var e=!1,o=!1;if(d.querySelector)if(c.addEventListener)e=!0;if(c.wp=c.wp||{},c.wp.receiveEmbedMessage);else if(c.wp.receiveEmbedMessage=function(e){var t=e.data;if(!t);else if(!(t.secret||t.message||t.value));else if(\/[^a-zA-Z0-9]\/.test(t.secret));else{for(var r,s,a,i=d.querySelectorAll('iframe[data-secret=\"'+t.secret+'\"]'),n=d.querySelectorAll('blockquote[data-secret=\"'+t.secret+'\"]'),o=new RegExp(\"^https?:$\",\"i\"),l=0;l<n.length;l++)n[l].style.display=\"none\";for(l=0;l<i.length;l++)if(r=i[l],e.source!==r.contentWindow);else{if(r.removeAttribute(\"style\"),\"height\"===t.message){if(1e3<(s=parseInt(t.value,10)))s=1e3;else if(~~s<200)s=200;r.height=s}if(\"link\"===t.message)if(s=d.createElement(\"a\"),a=d.createElement(\"a\"),s.href=r.getAttribute(\"src\"),a.href=t.value,!o.test(a.protocol));else if(a.host===s.host)if(d.activeElement===r)c.top.location.href=t.value}}},e)c.addEventListener(\"message\",c.wp.receiveEmbedMessage,!1),d.addEventListener(\"DOMContentLoaded\",t,!1),c.addEventListener(\"load\",t,!1);function t(){if(o);else{o=!0;for(var e,t,r,s=-1!==navigator.appVersion.indexOf(\"MSIE 10\"),a=!!navigator.userAgent.match(\/Trident.*rv:11\\.\/),i=d.querySelectorAll(\"iframe.wp-embedded-content\"),n=0;n<i.length;n++){if(!(r=(t=i[n]).getAttribute(\"data-secret\")))r=Math.random().toString(36).substr(2,10),t.src+=\"#?secret=\"+r,t.setAttribute(\"data-secret\",r);if(s||a)(e=t.cloneNode(!0)).removeAttribute(\"security\"),t.parentNode.replaceChild(e,t);t.contentWindow.postMessage({message:\"ready\",secret:r},\"*\")}}}}(window,document);\n<\/script>\n","thumbnail_url":"https:\/\/bplusa.eu\/wp-content\/uploads\/2024\/10\/CBA-SITE-VIGNETTE-Orleans.jpg","thumbnail_width":700,"thumbnail_height":580,"description":"Le projet de restructuration du Conservatoire \u00e0 Rayonnement D\u00e9partemental d&rsquo;Orl\u00e9ans incarne la philosophie du \u00ab r\u00e9cit de la continuit\u00e9 \u00bb. Situ\u00e9 au c\u0153ur historique de la ville, il transforme un ensemble d\u2019entit\u00e9s b\u00e2timentaires embl\u00e9matiques \u2014 certaines datant du XVe si\u00e8cle \u2014 en un lieu d&rsquo;excellence artistique du XXIe si\u00e8cle. L&rsquo;intervention s&rsquo;\u00e9tend sur le site historique&hellip;"}

CONSERVATOIRE À RAYONNEMENT DÉPARTEMENTAL D’ORLÉANS - B+A Architectes

<blockquote class="wp-embedded-content" data-secret="tkGKvFbqMV"><a href="https://bplusa.eu/fr/projects/conservatoire-orleans/">CONSERVATOIRE À RAYONNEMENT DÉPARTEMENTAL D’ORLÉANS</a></blockquote><iframe sandbox="allow-scripts" security="restricted" src="https://bplusa.eu/fr/projects/conservatoire-orleans/embed/#?secret=tkGKvFbqMV" width="600" height="338" title="« CONSERVATOIRE À RAYONNEMENT DÉPARTEMENTAL D’ORLÉANS » &#8212; B+A Architectes" data-secret="tkGKvFbqMV" frameborder="0" marginwidth="0" marginheight="0" scrolling="no" class="wp-embedded-content"></iframe><script>
/*! This file is auto-generated */
!function(c,d){"use strict";var e=!1,o=!1;if(d.querySelector)if(c.addEventListener)e=!0;if(c.wp=c.wp||{},c.wp.receiveEmbedMessage);else if(c.wp.receiveEmbedMessage=function(e){var t=e.data;if(!t);else if(!(t.secret||t.message||t.value));else if(/[^a-zA-Z0-9]/.test(t.secret));else{for(var r,s,a,i=d.querySelectorAll('iframe[data-secret="'+t.secret+'"]'),n=d.querySelectorAll('blockquote[data-secret="'+t.secret+'"]'),o=new RegExp("^https?:$","i"),l=0;l<n.length;l++)n[l].style.display="none";for(l=0;l<i.length;l++)if(r=i[l],e.source!==r.contentWindow);else{if(r.removeAttribute("style"),"height"===t.message){if(1e3<(s=parseInt(t.value,10)))s=1e3;else if(~~s<200)s=200;r.height=s}if("link"===t.message)if(s=d.createElement("a"),a=d.createElement("a"),s.href=r.getAttribute("src"),a.href=t.value,!o.test(a.protocol));else if(a.host===s.host)if(d.activeElement===r)c.top.location.href=t.value}}},e)c.addEventListener("message",c.wp.receiveEmbedMessage,!1),d.addEventListener("DOMContentLoaded",t,!1),c.addEventListener("load",t,!1);function t(){if(o);else{o=!0;for(var e,t,r,s=-1!==navigator.appVersion.indexOf("MSIE 10"),a=!!navigator.userAgent.match(/Trident.*rv:11\./),i=d.querySelectorAll("iframe.wp-embedded-content"),n=0;n<i.length;n++){if(!(r=(t=i[n]).getAttribute("data-secret")))r=Math.random().toString(36).substr(2,10),t.src+="#?secret="+r,t.setAttribute("data-secret",r);if(s||a)(e=t.cloneNode(!0)).removeAttribute("security"),t.parentNode.replaceChild(e,t);t.contentWindow.postMessage({message:"ready",secret:r},"*")}}}}(window,document);
</script>

Le projet de restructuration du Conservatoire à Rayonnement Départemental d&rsquo;Orléans incarne la philosophie du « récit de la continuité ». Situé au cœur historique de la ville, il transforme un ensemble d’entités bâtimentaires emblématiques — certaines datant du XVe siècle — en un lieu d&rsquo;excellence artistique du XXIe siècle. L&rsquo;intervention s&rsquo;étend sur le site historique&hellip;
